{"id":9563,"date":"2026-03-11T16:44:15","date_gmt":"2026-03-11T15:44:15","guid":{"rendered":"https:\/\/artshop.biancoscuro.it\/site\/?post_type=product&#038;p=9563"},"modified":"2026-04-21T17:00:37","modified_gmt":"2026-04-21T15:00:37","slug":"strabismo-da-a-i-by-marielle-orsini","status":"publish","type":"product","link":"https:\/\/artshop.biancoscuro.it\/site\/shop\/opere\/strabismo-da-a-i-by-marielle-orsini\/","title":{"rendered":"&#8220;Strabismo da A.I.&#8221; by Marielle Orsin\u00ec"},"content":{"rendered":"<p><a href=\"https:\/\/artshop.biancoscuro.it\/site\/wp-content\/uploads\/2026\/04\/STRABISMO-DA-A.I._mod-.jpg\"><img loading=\"lazy\" decoding=\"async\" class=\"alignnone size-medium wp-image-9564\" src=\"https:\/\/artshop.biancoscuro.it\/site\/wp-content\/uploads\/2026\/04\/STRABISMO-DA-A.I._mod--300x288.jpg\" alt=\"\" width=\"300\" height=\"288\" srcset=\"https:\/\/artshop.biancoscuro.it\/site\/wp-content\/uploads\/2026\/04\/STRABISMO-DA-A.I._mod--300x288.jpg 300w, https:\/\/artshop.biancoscuro.it\/site\/wp-content\/uploads\/2026\/04\/STRABISMO-DA-A.I._mod--1024x984.jpg 1024w, https:\/\/artshop.biancoscuro.it\/site\/wp-content\/uploads\/2026\/04\/STRABISMO-DA-A.I._mod--768x738.jpg 768w, https:\/\/artshop.biancoscuro.it\/site\/wp-content\/uploads\/2026\/04\/STRABISMO-DA-A.I._mod--416x400.jpg 416w, https:\/\/artshop.biancoscuro.it\/site\/wp-content\/uploads\/2026\/04\/STRABISMO-DA-A.I._mod-.jpg 1040w\" sizes=\"auto, (max-width: 300px) 100vw, 300px\" \/><\/a><a href=\"https:\/\/artshop.biancoscuro.it\/site\/wp-content\/uploads\/2026\/04\/retro_mod_low.jpg\"><img loading=\"lazy\" decoding=\"async\" class=\"alignnone size-medium wp-image-9565\" src=\"https:\/\/artshop.biancoscuro.it\/site\/wp-content\/uploads\/2026\/04\/retro_mod_low-296x300.jpg\" alt=\"\" width=\"296\" height=\"300\" srcset=\"https:\/\/artshop.biancoscuro.it\/site\/wp-content\/uploads\/2026\/04\/retro_mod_low-296x300.jpg 296w, https:\/\/artshop.biancoscuro.it\/site\/wp-content\/uploads\/2026\/04\/retro_mod_low-768x778.jpg 768w, https:\/\/artshop.biancoscuro.it\/site\/wp-content\/uploads\/2026\/04\/retro_mod_low-416x421.jpg 416w, https:\/\/artshop.biancoscuro.it\/site\/wp-content\/uploads\/2026\/04\/retro_mod_low-100x100.jpg 100w, https:\/\/artshop.biancoscuro.it\/site\/wp-content\/uploads\/2026\/04\/retro_mod_low.jpg 986w\" sizes=\"auto, (max-width: 296px) 100vw, 296px\" \/><\/a>Opera originale con <strong>certificato di autenticit\u00e0<\/strong>, pi\u00f9 foto dell&#8217;opera con <strong>firma dell\u2019artista.<\/strong><\/p>\n<table cellspacing=\"3\" cellpadding=\"3\">\n<tbody>\n<tr>\n<td><strong>Tecnica<\/strong><\/td>\n<td>\n<p class=\"p1\"><span class=\"Apple-converted-space\">\u00a0<\/span>tecnica mista e collage su cartone telato<\/p>\n<\/td>\n<\/tr>\n<tr>\n<td><strong>Anno<\/strong><\/td>\n<td><\/td>\n<\/tr>\n<tr>\n<td><strong>Dimensione<\/strong><\/td>\n<td>grande<\/td>\n<\/tr>\n<tr>\n<td>Altezza<\/td>\n<td>50 cm<\/td>\n<\/tr>\n<tr>\n<td>Larghezza<\/td>\n<td>50 cm<\/td>\n<\/tr>\n<tr>\n<td>Profondit\u00e0<\/td>\n<td>4 cm<\/td>\n<\/tr>\n<\/tbody>\n<\/table>\n<blockquote><p><strong>Cenni critici\u00a0<\/strong><\/p><\/blockquote>\n<blockquote>\n<p class=\"p1\"><span class=\"Apple-converted-space\">\u00a0<\/span>L\u2019opera \u201cStrabismo da A.I.\u201d si configura come una riflessione critica sull\u2019impatto dell\u2019intelligenza artificiale. Iltitolo stesso allude a una visione alterata, non allineata.Si pone pone l\u2019accento sul flusso incessante di informazioni e risposte generate da questi sistemi: un torrentedi dati che possono apparire corretti ma che celano spesso deformazioni. L\u2019opera invita a un\u2019osservazionecritica e consapevole, a non lasciarsi accecare dalla facilit\u00e0 applicativa dell\u2019A.I., evidenziando come la realt\u00e0possa essere distorta, in modo pi\u00f9 o meno deliberato, attraverso la sua mediazione.<\/p>\n<p class=\"p1\"><b>Presentazione d\u2019autore<\/b><\/p>\n<p class=\"p1\">Libera professionista, si e&#8217; dedicata negli ultimi anni ad opere realizzata sulla base di emozioniche il contesto sociale e culturale le trasmette, stabilendo una presenza costante e significativa nel panoramaartistico contemporaneo, con partecipazione a importanti fiere di settore. Presente ad Arte Genova nelleedizioni del 2018, 2022, 2024 e 2025, nel cui contesto ha concorso al Premio Mediolanum nel 2018 con l\u2019opera\u201cLibert\u00e9 Brutalit\u00e9\u201d, una creazione istintiva concepita in reazione all\u2019attentato parigino a Charlie Hebdo, enuovamente nel 2022 con \u201cDigitalTree\u201d, un\u2019opera emblematica della sua ricerca sul riciclo e la trasformazionedegli scarti digitali. Il suo percorso espositivo, a partire dal 2020, si \u00e8 sviluppato attraverso numerose mostre inItalia e in Europa, conseguendo diversi riconoscimenti. Una partecipazione continuativa dal 2018 agli ArtContest di Biancoscuro gli ha valso segnalazioni di merito nel 2020, 2021 e 2022,culminate con l\u2019assegnazionedel Premio NFT a Montecarlo nel 2023 e nel 2024.Tra le principali esposizioni del 2023 si annoverano lamostra \u201cMediterraneo\u201d presso il Galata Museo del Mare (Mu.MA.) di Genova , al Castello di Belgioioso. Il 2024\u00e8 stato un anno particolarmente denso, con una personale a Genova Boccadasse e la partecipazione acollettive di rilievo quali \u201cI percorsi dell\u2019Arte\u201d a Seborga e ad Alassio (presso l\u2019ex Chiesa Anglicana) e\u201cInquadrando la Poesia\u201d a Zoagli, un omaggio all\u2019opera di Alda Merini. L\u2019attivit\u00e0 del 2025 include la presenza aVernice Art Fair di Forl\u00ec, alla mostra mercato di Arte Contemporanea di Parma e un\u2019esposizione di sue operepresso l\u2019Hotel Miramare e l\u2019Hotel New Bristol di Cesenatico. La sua produzione si caratterizza per un\u2019indagineprofonda delle problematiche del contesto attuale, veicolata attraverso un uso sapiente della cromaticit\u00e0. Lesue opere tentano di stabilire una connessione empatica con l\u2019osservatore, stimolando una riflessione sulletensioni della contemporaneit\u00e0. La predilezione per il formato quadrato pu\u00f2 essere interpretata come unaricerca di equilibrio e di ordine formale, un tentativo di ricondurre la complessit\u00e0 del reale a una simmetriarassicurante. Ricorrente \u00e8 la tecnica del riciclo: una scelta che, oltre a denotare una spiccata sensibilit\u00e0ecologica, rimanda a una filosofia personale che l\u2019artista lega a un sentimento di \u201cnon abbandono delle cose\u201d,valorizzando la materia e la sua capacit\u00e0 di rinascita.<span class=\"Apple-converted-space\">\u00a0<\/span><\/p>\n<\/blockquote>\n","protected":false},"excerpt":{"rendered":"<table cellspacing=\"3\" cellpadding=\"3\">\n<tbody>\n<tr>\n<td><strong>Tecnica<\/strong><\/td>\n<td>\n<p class=\"p1\"><span class=\"Apple-converted-space\">\u00a0<\/span>tecnica mista e collage su cartone telato<\/p>\n<\/td>\n<\/tr>\n<tr>\n<td><strong>Anno<\/strong><\/td>\n<td><\/td>\n<\/tr>\n<tr>\n<td><strong>Dimensione<\/strong><\/td>\n<td>grande<\/td>\n<\/tr>\n<tr>\n<td>Altezza<\/td>\n<td>50 cm<\/td>\n<\/tr>\n<tr>\n<td>Larghezza<\/td>\n<td>50 cm<\/td>\n<\/tr>\n<tr>\n<td>Profondit\u00e0<\/td>\n<td>4 cm<\/td>\n<\/tr>\n<\/tbody>\n<\/table>\n<p><strong>Spedizione gratuita <\/strong>con trasporto affidato a corriere espresso assicurato.<\/p>\n<p><strong>Soddisfatti o rimborsati<\/strong> poich\u00e9 il periodo di recesso \u00e8 di 14 giorni, a partire dal giorno in cui si riceve l&#8217;opera.<\/p>\n<p><strong>Pagamento<\/strong> con carta di credito o bonifico bancario.<\/p>\n<p class=\"p1\"><strong>Garanzia<\/strong>\u00a0e <strong>tracciabilit\u00e0, <\/strong>tutti gli artisti sulla piattaforma oltre ad essere attentamente selezionati, godono del privilegio di essere pubblicati anche sulla <strong>Rivista d&#8217;Arte Biancoscuro<\/strong>, di conseguenza il loro lavoro \u00e8 storicizzato ed il loro operato \u00e8 autentico ed inimitabile. <a href=\"https:\/\/www.biancoscuro.it\/rivista-darte\/\" target=\"_blank\" rel=\"noopener noreferrer\"><strong>www.biancoscuro.it<\/strong><\/a><\/p>\n<hr \/>\n<p><strong>Visibile presso lo studio dell&#8217;<\/strong><strong>artista.<\/strong><br \/>\nSe vuoi puoi anche fare una\u00a0<strong>proposta d\u2019acquisto<\/strong>\u00a0cliccando il tasto qui sotto e inserendo i dati richiesti.<\/p>\n<h3><\/h3>\n","protected":false},"featured_media":9564,"template":"","meta":[],"product_brand":[],"product_cat":[14],"product_tag":[158,23,19,373,374,375],"class_list":{"0":"post-9563","1":"product","2":"type-product","3":"status-publish","4":"has-post-thumbnail","6":"product_cat-opere","7":"product_tag-art","8":"product_tag-arte","9":"product_tag-biancoscuro","10":"product_tag-marielle","11":"product_tag-marielle-orsini","12":"product_tag-orsini","13":"product_shipping_class-spedizione-gratuita","15":"first","16":"instock","17":"sold-individually","18":"shipping-taxable","19":"purchasable","20":"product-type-simple"},"jetpack_sharing_enabled":true,"_links":{"self":[{"href":"https:\/\/artshop.biancoscuro.it\/site\/wp-json\/wp\/v2\/product\/9563","targetHints":{"allow":["GET"]}}],"collection":[{"href":"https:\/\/artshop.biancoscuro.it\/site\/wp-json\/wp\/v2\/product"}],"about":[{"href":"https:\/\/artshop.biancoscuro.it\/site\/wp-json\/wp\/v2\/types\/product"}],"wp:featuredmedia":[{"embeddable":true,"href":"https:\/\/artshop.biancoscuro.it\/site\/wp-json\/wp\/v2\/media\/9564"}],"wp:attachment":[{"href":"https:\/\/artshop.biancoscuro.it\/site\/wp-json\/wp\/v2\/media?parent=9563"}],"wp:term":[{"taxonomy":"product_brand","embeddable":true,"href":"https:\/\/artshop.biancoscuro.it\/site\/wp-json\/wp\/v2\/product_brand?post=9563"},{"taxonomy":"product_cat","embeddable":true,"href":"https:\/\/artshop.biancoscuro.it\/site\/wp-json\/wp\/v2\/product_cat?post=9563"},{"taxonomy":"product_tag","embeddable":true,"href":"https:\/\/artshop.biancoscuro.it\/site\/wp-json\/wp\/v2\/product_tag?post=9563"}],"curies":[{"name":"wp","href":"https:\/\/api.w.org\/{rel}","templated":true}]}}