{"id":380,"date":"2014-11-25T14:48:50","date_gmt":"2014-11-25T14:48:50","guid":{"rendered":"http:\/\/artshop.biancoscuro.it\/site\/shop\/serie-limitate\/acid-woman-by-richard-feeling\/"},"modified":"2015-04-30T12:01:34","modified_gmt":"2015-04-30T12:01:34","slug":"acid-woman-by-richard-feeling","status":"publish","type":"product","link":"https:\/\/artshop.biancoscuro.it\/site\/shop\/editions\/acid-woman-by-richard-feeling\/","title":{"rendered":"Acid Woman by Richard Feeling"},"content":{"rendered":"<h3><img loading=\"lazy\" decoding=\"async\" class=\"alignnone size-medium wp-image-382\" src=\"http:\/\/artshop.biancoscuro.it\/site\/wp-content\/uploads\/2014\/11\/OPERA-1-Acid-Woman-cm.-100-x-100Filig-300x300.jpg\" alt=\"OPERA-1-Acid-Woman-cm.-100-x-100Filig\" width=\"300\" height=\"300\" srcset=\"https:\/\/artshop.biancoscuro.it\/site\/wp-content\/uploads\/2014\/11\/OPERA-1-Acid-Woman-cm.-100-x-100Filig-300x300.jpg 300w, https:\/\/artshop.biancoscuro.it\/site\/wp-content\/uploads\/2014\/11\/OPERA-1-Acid-Woman-cm.-100-x-100Filig-324x324.jpg 324w, https:\/\/artshop.biancoscuro.it\/site\/wp-content\/uploads\/2014\/11\/OPERA-1-Acid-Woman-cm.-100-x-100Filig-100x100.jpg 100w, https:\/\/artshop.biancoscuro.it\/site\/wp-content\/uploads\/2014\/11\/OPERA-1-Acid-Woman-cm.-100-x-100Filig-416x416.jpg 416w, https:\/\/artshop.biancoscuro.it\/site\/wp-content\/uploads\/2014\/11\/OPERA-1-Acid-Woman-cm.-100-x-100Filig-150x150.jpg 150w, https:\/\/artshop.biancoscuro.it\/site\/wp-content\/uploads\/2014\/11\/OPERA-1-Acid-Woman-cm.-100-x-100Filig.jpg 500w\" sizes=\"auto, (max-width: 300px) 100vw, 300px\" \/><\/h3>\n<h3>Acid Woman by Richard Feeling<\/h3>\n<p>Mixed media su supporto rigido<\/p>\n<p>Made in Italy<\/p>\n<p>(Autenticata con firma dell\u2019artista sul retro)<\/p>\n<div><\/div>\n<p><strong>Acid Woman\u00a0 by Richard Feeling &#8211; visibile presso lo spazio espositivo\u00a0BIANCOSCURO a Pavia in Viale indipendenza 26<\/strong>.<\/p>\n<div><\/div>\n<p>NOTE:<br \/>\nRichard Feeling\u00a0\u00a0ha partecipato e vinto il premio copertina al BAC Biancoscuro Art Contest, \u00e8 presente in mostra permanente presso<strong>\u00a0lo spazio espositivo\u00a0BIANCOSCURO a Pavia in Viale indipendenza 26<\/strong>.<\/p>\n<p>Richard Feeling\u00a0ha partecipato alle fiere:\u00a0<strong>ART PARMA, ARTE FORLI&#8217;, ART INNSBRUCK e PAVIART.<\/strong><\/p>\n<blockquote><p><strong>Richard Feeling\u00a0<\/strong>(Milano<em>\u00a0\u2013 Italy)<\/em>\u00a0Richard Feeling rappresenta la nuova \u201cfaccia\u201d di un artista che ha un passato ma che con rinnovata veste e con un nome d\u2019arte dal suono \u201cglobalizzato\u201d, si affaccia alla ribalta artistica come se fosse al contrario appena nato, proponendo attraverso i suoi Art Social Poster, denominazione ed espressione della sua recente energia creativa, la concretizzazione di un progetto ambizioso che ha la presunzione di porre l\u2019ideatore come precursore di un filone di pensiero che si ripromette di coniugare l\u2019amore per l\u2019arte come ineguagliabile espressione di vita, a quella di una potenziale opportunit\u00e0 di investimento diffuso ed alla portata di tutti.<br \/>\nDietro all\u2019artista ci sta l\u2019uomo con il suo vissuto fatto di esperienze profonde ed esistenzialmente pregnanti che ne hanno determinato quella moltitudine di emozioni vissute con estrema intensit\u00e0 e risultate poi cos\u00ec essenziali ai fini della forza creativa che ne \u00e8 scaturita. Reali risultano essere le sue partecipazioni a prestigiose manifestazioni di settore ma che fanno ormai parte di quel passato dal quale, in quanto tale, necessita a lui staccarsi per guardare al contrario al futuro in un\u2019ottica di costante rinnovamento senza et\u00e0 e senza tempo, alla ricerca di quel desiderio di eternarsi del proprio io, che spesso sta dietro all\u2019azione di coloro che generano materia artistica e creativa.<br \/>\nCome nella sua precedente fase artistica, anche attraverso il suo \u201cavatar\u201d di nome Richard Feeling, proiettato di prepotenza nel contesto moderno, il motivo dominante dei soggetti dell\u2019artista pongono al centro delle sue opere prioritariamente la figura femminile dal quale attinge ispirazione in quanto la stessa rappresenta per lui l\u2019essenza della vita e l\u2019equilibrio stesso dell\u2019umanit\u00e0.<br \/>\nI soggetti attuali risentono fortemente nella loro potenza espressiva, del condizionamento dettato dai tempi, nel quale la donna \u00e8 costretta ad affrontare per molti aspetti nuove situazioni che tendono a discostarsi per la prima volta dai ruoli prioritari che spettava all\u2019universo femminile da sempre. Mai come ora protagonista, ma mai come ora vittima delle circostanze dettate da un\u2019epoca di rottura e pericolosamente senza riferimenti precisi sulla quale costruire nuovi equilibri. Epoca del libero arbitrio ma nel contempo, di libert\u00e0 individuale esasperata che crea premesse per lo scontro spesso traumatico con nuove angosce esistenziali.<br \/>\nNel passato i diversi ritmi di vita, consentivano all\u2019artista di enfatizzare e cogliere le sfumature legate all\u2019aspetto introspettivo degli stati d\u2019animo, inducendo a pause lunghe di riflessione e ponendo l\u2019autore dell\u2019opera d\u2019arte nella condizione di \u201cmeditare\u201d l\u2019opera cogliendone le sfumature ispirate dagli stati d\u2019animo trapelanti dal modello di ispirazione. Con tali presupposti lo strumento artistico \u201dlento\u201d dell\u2019arte tradizionale che mascherava spesso un certosino cerimoniale artigianale nella preparazione degli elementi necessari alla concretizzazione dell\u2019opera, camminava in parallelo con ritmi adeguati alle atmosfere che creavano sensazioni e motivavano le ispirazioni.<br \/>\nI ritmi moderni al contrario, secondo la valutazione dell\u2019artista, richiedono una tecnica veloce, rapida, istintiva, digitale, per cogliere stati d\u2019animo e cambiamenti repentini dettati dalla nevrosi legata indissolubilmente a quest\u2019epoca \u201cdannata\u201d che qualcuno si auspica sia di semplice transizione verso futuri modelli pi\u00f9 equilibrati e rispettosi dei contenuti della natura umana, pi\u00f9 votati alla ricerca di elevazione spirituale e non solo sacrificati all\u2019ombra dei materialismi imperversanti e di consumismi sfrenati. Questo si ritiene nell\u2019interesse di tutti ed anche di quelli che nei presupposti attuali vi si riconoscono senza valutarne a fondo gli influssi su base universale.<\/p><\/blockquote>\n","protected":false},"excerpt":{"rendered":"<h3>Acid Woman by Richard Feeling<\/h3>\n<p>mixed media\u00a0su supporto rigido<\/p>\n<p>Made in Italy<\/p>\n<p>(Autenticata con firma dell\u2019artista sul retro)<\/p>\n<div><\/div>\n<p><strong>Acid Woman\u00a0 by Richard Feeling &#8211; visibile presso lo spazio espositivo\u00a0BIANCOSCURO a Pavia in Viale indipendenza 26<\/strong>.<\/p>\n<div><\/div>\n<p>NOTE:<br \/>\nRichard Feeling\u00a0\u00a0ha partecipato e vinto il premio copertina al BAC Biancoscuro Art Contest, \u00e8 presente in mostra permanente presso<strong>\u00a0lo spazio espositivo\u00a0BIANCOSCURO a Pavia in Viale indipendenza 26<\/strong>.<\/p>\n<p>Richard Feeling\u00a0ha partecipato alle fiere:\u00a0<strong>ART PARMA, ARTE FORLI&#8217;, ART INNSBRUCK e PAVIART.<\/strong><\/p>\n","protected":false},"featured_media":382,"template":"","meta":[],"product_brand":[],"product_cat":[15],"product_tag":[23,19,29,42],"class_list":{"0":"post-380","1":"product","2":"type-product","3":"status-publish","4":"has-post-thumbnail","6":"product_cat-editions","7":"product_tag-arte","8":"product_tag-biancoscuro","9":"product_tag-grafica","10":"product_tag-richard-feeling","11":"product_shipping_class-spedizione-gratuita","13":"first","14":"outofstock","15":"sold-individually","16":"purchasable","17":"product-type-simple"},"jetpack_sharing_enabled":true,"_links":{"self":[{"href":"https:\/\/artshop.biancoscuro.it\/site\/wp-json\/wp\/v2\/product\/380","targetHints":{"allow":["GET"]}}],"collection":[{"href":"https:\/\/artshop.biancoscuro.it\/site\/wp-json\/wp\/v2\/product"}],"about":[{"href":"https:\/\/artshop.biancoscuro.it\/site\/wp-json\/wp\/v2\/types\/product"}],"wp:featuredmedia":[{"embeddable":true,"href":"https:\/\/artshop.biancoscuro.it\/site\/wp-json\/wp\/v2\/media\/382"}],"wp:attachment":[{"href":"https:\/\/artshop.biancoscuro.it\/site\/wp-json\/wp\/v2\/media?parent=380"}],"wp:term":[{"taxonomy":"product_brand","embeddable":true,"href":"https:\/\/artshop.biancoscuro.it\/site\/wp-json\/wp\/v2\/product_brand?post=380"},{"taxonomy":"product_cat","embeddable":true,"href":"https:\/\/artshop.biancoscuro.it\/site\/wp-json\/wp\/v2\/product_cat?post=380"},{"taxonomy":"product_tag","embeddable":true,"href":"https:\/\/artshop.biancoscuro.it\/site\/wp-json\/wp\/v2\/product_tag?post=380"}],"curies":[{"name":"wp","href":"https:\/\/api.w.org\/{rel}","templated":true}]}}