{"id":152,"date":"2017-10-03T16:00:30","date_gmt":"2017-10-03T14:00:30","guid":{"rendered":"http:\/\/artshop.biancoscuro.it\/site\/prodotto\/after-warhol-tela-by-giorgio-gost\/"},"modified":"2022-12-07T13:34:59","modified_gmt":"2022-12-07T12:34:59","slug":"after-warhol-tela-by-giorgio-gost","status":"publish","type":"product","link":"https:\/\/artshop.biancoscuro.it\/site\/shop\/opere\/giorgio-gost\/after-warhol-tela-by-giorgio-gost\/","title":{"rendered":"After Warhol! su tela by Giorgio Gost"},"content":{"rendered":"<h3>Collezione\u00a0&#8220;<strong>AFTER<\/strong>!&#8221; by Giorgio Gost<br \/>\nSalvato su tela con resina. Andy Warhol verr\u00e0\u00a0ricordato nell&#8217;anno 6.000<br \/>\n<em>Saved on canvas with resin. Andy Warhol will be remembered in the year 6.000<\/em><\/h3>\n<p>Nel 2011, dopo il terribile terremoto del Giappone avvenuto l&#8217;11 marzo,\u00a0<strong>Giorgio Gost<\/strong>\u00a0inizia il ciclo &#8220;<strong>Stop the time<\/strong>&#8221; oggetti salvati nella capsula del tempo che verranno ricordati nell&#8217;anno 6.000. Ecco quindi che l&#8217;artista applica sulla tela oggetti di uso comune (<em>bottigliette d&#8217;acqua, riviste, computer, componenti elettronici, scatolette di carne, cibo, medicinali, francobolli, monete e accessori d&#8217;auto<\/em>) cos\u00ec da poterli salvare per i posteri e per i prossimi millenni.<br \/>\nDopo qualche anno, nascono anche gli &#8220;<strong>After&#8221;<\/strong>\u00a0oggetti e concetti che verranno ricordati nell&#8217;anno 6000 anche se gli originali non esisteranno pi\u00f9.<\/p>\n<p class=\"event_description\">Per Gost, l\u2019Arte contemporanea, \u00e8 il posto dove essere protagonista\u00a0della propria \u201c realt\u00e0 percettiva\u201d, all&#8217;inizio della carriera coincide con la scoperta del colore, attualmente con\u00a0l\u2019utilizzo di nuove legno e\u00a0resine. \u00a0Le opere presenti sul sito, tramite la vetrificazione con resina, sono &#8220;<strong>oggetti salvati nella capsula del tempo che verranno ricordati nell&#8217;anno 6.000<\/strong>&#8220;<\/p>\n<p>BIANCOSCURO Art Magazine ha dedicato a\u00a0<strong>Giorgio Gost<\/strong>\u00a0la copertina del numero di aprile-maggio 2014<\/p>\n<p><img loading=\"lazy\" decoding=\"async\" class=\"alignnone wp-image-27 size-medium\" src=\"http:\/\/artshop.biancoscuro.it\/site\/wp-content\/uploads\/2014\/07\/BRA_4-2014_CopL-211x300.jpg\" alt=\"biancoscuro rivista d'arte\" width=\"211\" height=\"300\" srcset=\"https:\/\/artshop.biancoscuro.it\/site\/wp-content\/uploads\/2014\/07\/BRA_4-2014_CopL-211x300.jpg 211w, https:\/\/artshop.biancoscuro.it\/site\/wp-content\/uploads\/2014\/07\/BRA_4-2014_CopL-416x589.jpg 416w, https:\/\/artshop.biancoscuro.it\/site\/wp-content\/uploads\/2014\/07\/BRA_4-2014_CopL.jpg 706w\" sizes=\"auto, (max-width: 211px) 100vw, 211px\" \/><\/p>\n<h4>Le opere di Giorgio Gost\u00a0sono esposte presso diversi enti, musei e istituzioni. Le sue opere sono state esposte presso importanti fiere e mostre mercato di\u00a0Monte-Carlo, Innsbruck, Venezia, Pavia, Milano, Padova, Cremona, Genova, Parma, Reggio Emilia e Forl\u00ec. Da sottolineare la partecipazione alla Biennale di Venezia del 2011, curata da Vittorio Sgarbi.<\/h4>\n<blockquote>\n<p style=\"color: #2d2829;\">Solo\u00a0con le parole di Alessandro Celli possiamo raccontare al meglio questa nuova filosofia creativa del talentuoso Gost:\u00a0<i>\u201cStop The Time! inizia nell\u2019anno 2011 con il devastante terremoto del Giappone ed \u00e8 un modo per\u00a0<\/i><b><i>salvare le cose che ci stanno intorno e che usiamo ogni giorno<\/i><\/b><i>, per i prossimi millenni (confezionate e piene di liquidi o solidi come li beviamo o li mangiamo). \u00c8 inoltre un\u2019occasione per ricordare alle persone di cominciare dall\u2019arte un percorso che possa \u201crallentare\u201d un po\u2019 l\u2019arte, i mercati borsistici con la finanza in generale, e tutte le azioni intorno a noi, con il fine di dare al nostro cervello pi\u00f9 tempo per pensare ed evitare errori causati dalla fretta e dal poco tempo per prendere decisioni. Di solito non diamo importanza alle cose semplici di uso quotidiano che l\u2019artista salva su tela con la sua tecnica, ma queste potrebbero rivelarsi fondamentali per noi in possibili momenti futuri, quali per esempio il verificarsi di forti eventi naturali. Durante le continue scosse del 2012 in Emilia,\u00a0<\/i><b><i>Giorgio Gost posiziona nei lati pi\u00f9 sicuri dei luoghi in cui vive carne in scatola e bottigliette d\u2019acqua salvate con uno scudo di resina<\/i><\/b><i>, per poterne eventualmente usufruire in caso di necessit\u00e0, battendo semplicemente a terra l\u2019angolo della resina per staccarlo dalla tela.\u00a0<\/i><b><i>Era un esperimento filosofico, ma anche pratico, il suo<\/i><\/b><i>. Giorgio Gost ha superato una visione semplicistica di questi adattamenti che possono essere ritenuti biologici ed istintivi, per avventurarsi un\u00a0<\/i><b><i>una concettualit\u00e0 che va oltre l\u2019istinto<\/i><\/b><i>.\u201d<\/i><\/p>\n<blockquote><p>\u201cHo da tempo sostenuto con forza che Gost \u00e8 un<br \/>\ninnovatore o semplicemente un attento lettore della nostra<br \/>\ncontemporaneit\u00e0. Sempre sarcastico e critico.<br \/>\nIn questo nuovo ciclo l\u2019Artista ci sottopone ad un\u2019altra<br \/>\nriflessione, quella della carta stampata.<br \/>\nRiflessione non pi\u00f9 su un fatto compiuto e su beni di<br \/>\nconsumo che hanno ceduto il passo a tecnologie pi\u00f9<br \/>\navanzate, bens\u00ec alla possibilit\u00e0 che ci\u00f2 possa accadere.<br \/>\nDa un catalogo di casa d\u2019asta ad una rivista, fino ad un<br \/>\nlibro, potrebbero essere tutti sostituiti e la conservazione<br \/>\ndi Giorgio Gost \u00e8 finalizzata a tale riflessione, con<br \/>\nl\u2019auspicio di rileggerli nell\u2019anno seimila, ma temo che la<br \/>\ndatazione si potrebbe anche anticipare.<br \/>\nE cosa rimane oggi dell\u2019arte contemporanea se un Artista<br \/>\nnon trasmette messaggi volti ad aprire riflessioni?<br \/>\nL&#8217;essenza della sua arte rimane l&#8217;idea ed il concetto che<br \/>\nprecede l&#8217;opera.<br \/>\nGiorgio Gost continua, a distanza di anni, a<br \/>\nsorprendermi.\u201d<br \/>\n<em>Ale Artebrixia<\/em><\/p><\/blockquote>\n<\/blockquote>\n<p><span style=\"color: #666666; font-family: arial; font-size: 14px; text-align: justify;\">\u00a0<\/span><\/p>\n","protected":false},"excerpt":{"rendered":"<table cellspacing=\"3\" cellpadding=\"3\">\n<tbody>\n<tr>\n<td>Tecnica<\/td>\n<td>tecnica mista + lattina Campbells\u00a0su tela\u00a0montato in cornice di legno\u00a0verniciata colore bianco<\/td>\n<\/tr>\n<tr>\n<td>Anno<\/td>\n<td>2014<\/td>\n<\/tr>\n<tr>\n<td>Dimensioni<\/td>\n<td>Medio<\/td>\n<\/tr>\n<tr>\n<td>Altezza<\/td>\n<td>55\u00a0cm<\/td>\n<\/tr>\n<tr>\n<td>Larghezza<\/td>\n<td>37\u00a0cm<\/td>\n<\/tr>\n<tr>\n<td>\u00a0Profondit\u00e0<\/td>\n<td>12\u00a0cm<\/td>\n<\/tr>\n<\/tbody>\n<\/table>\n<p>Realizzato completamente a Parma nel proprio studio, fornito\u00a0con autentica su foto a firma dell\u2019artista.<\/p>\n<p><strong>Visibile presso lo spazio espositivo\u00a0BIANCOSCURO a Pavia in Viale indipendenza 26<\/strong>.<br \/>\nSe vuoi puoi anche fare una\u00a0<span style=\"text-decoration: underline;\"><strong>proposta d&#8217;acquisto<\/strong><\/span>\u00a0cliccando il tasto qui sotto e inserendo i dati richiesti.<\/p>\n<h3><\/h3>\n","protected":false},"featured_media":153,"template":"","meta":[],"product_brand":[],"product_cat":[14,299],"product_tag":[23,32,24,31,25,34],"class_list":{"0":"post-152","1":"product","2":"type-product","3":"status-publish","4":"has-post-thumbnail","6":"product_cat-opere","7":"product_cat-giorgio-gost","8":"product_tag-arte","9":"product_tag-gost","10":"product_tag-pittura","11":"product_tag-resina","12":"product_tag-scultura","13":"product_tag-tavola-imbandita-su-tela","14":"product_shipping_class-spedizione-gratuita","16":"first","17":"outofstock","18":"sold-individually","19":"shipping-taxable","20":"purchasable","21":"product-type-simple"},"jetpack_sharing_enabled":true,"_links":{"self":[{"href":"https:\/\/artshop.biancoscuro.it\/site\/wp-json\/wp\/v2\/product\/152","targetHints":{"allow":["GET"]}}],"collection":[{"href":"https:\/\/artshop.biancoscuro.it\/site\/wp-json\/wp\/v2\/product"}],"about":[{"href":"https:\/\/artshop.biancoscuro.it\/site\/wp-json\/wp\/v2\/types\/product"}],"wp:featuredmedia":[{"embeddable":true,"href":"https:\/\/artshop.biancoscuro.it\/site\/wp-json\/wp\/v2\/media\/153"}],"wp:attachment":[{"href":"https:\/\/artshop.biancoscuro.it\/site\/wp-json\/wp\/v2\/media?parent=152"}],"wp:term":[{"taxonomy":"product_brand","embeddable":true,"href":"https:\/\/artshop.biancoscuro.it\/site\/wp-json\/wp\/v2\/product_brand?post=152"},{"taxonomy":"product_cat","embeddable":true,"href":"https:\/\/artshop.biancoscuro.it\/site\/wp-json\/wp\/v2\/product_cat?post=152"},{"taxonomy":"product_tag","embeddable":true,"href":"https:\/\/artshop.biancoscuro.it\/site\/wp-json\/wp\/v2\/product_tag?post=152"}],"curies":[{"name":"wp","href":"https:\/\/api.w.org\/{rel}","templated":true}]}}